the tens digit of (-2428)/(-12) - 15/(-9)?
0
Let p(s) = 2*s**2 - 6*s + 5. Let b = -8 - -12. Let u(v) = -v + 8. Let j be u(b). What is the tens digit of p(j)?
1
Let w(b) = b**2 + b - 39. Let t be w(-7). Suppose -2*x + 471 = h, -t*h + 702 = -x + 4*x. What is the tens digit of x?
3
Let d(x) = -x**3 - 13*x**2 + 10*x + 1. Let w be d(-14). Let h = 75 - w. What is the tens digit of h?
1
Let r(w) = 3*w - 8. Let y be (-2)/4*(-27 - 5). Suppose -y = -4*d - 0*d. What is the units digit of r(d)?
4
Suppose 0*u = -3*u + 351. Suppose s = -5*p - 6, -3*p - 10 = -2*s - 2*p. Suppose -55 - u = -s*m. What is the tens digit of m?
4
Let i = 92 + -92. Suppose -4*o + 3*j + 461 + 31 = i, 4*o - 476 = -j. What is the hundreds digit of o?
1
Let c(b) = b**2 - 6*b + 5. Suppose -10 = -2*q + q. What is the units digit of c(q)?
5
What is the units digit of (-52110)/(-60)*2/3?
9
Let f = 12 - 9. Let j(v) = 3 + v**2 - 5*v + 2*v**3 + 0 + 3*v**3 - 4*v**3. What is the tens digit of j(f)?
2
Let g be (7/((-147)/35))/(30/(-36)). Let o be (0 - -1)*(-4)/(-1). Suppose -2*s + g*l = -l - 7, o = 4*s + 4*l. What is the units digit of s?
2
Suppose 0 = -4*m + 4, -7*a + 10*a - 1936 = 5*m. What is the tens digit of a?
4
Suppose -h + 3885 = 20*h. What is the hundreds digit of h?
1
Suppose 0 = -13*n + 362 + 4084. What is the tens digit of n?
4
Suppose -28*w - 17 = -27*w. Let q be 154/4 + (-2)/4. Let y = w + q. What is the tens digit of y?
2
Let l = 1432 + -785. What is the hundreds digit of l?
6
Let d = -20 - -4. Let c be 4/d - (-1756)/(-16). Let l = c + 191. What is the tens digit of l?
8
Suppose -2*l + 3*t = -959 - 84, 0 = -4*l + 3*t + 2095. What is the hundreds digit of l?
5
Let y(s) be the second derivative of s**4/12 + 8*s**3/3 - 20*s**2 + 53*s. What is the units digit of y(8)?
2
Suppose -2*p - 5*g = -73, -5*g - 123 = 2*p - 4*p. Suppose -t + 85 = -p. What is the tens digit of t?
3
Let d = -5 - -6. Let m be (9 + -4 + 0)/d. Suppose -3*u + m*u = 56. What is the units digit of u?
8
Suppose -4*o + 151 = -45. Let i = o - -7. Suppose 2*y = 6*y - i. What is the tens digit of y?
1
Let k be (1*3)/((-30)/100). Let o(x) = -17*x - 10. Let b be o(k). Suppose b = a + 3*a. What is the tens digit of a?
4
Let x = -157 + 446. What is the tens digit of x?
8
What is the tens digit of (629 - 2) + (-4)/2?
2
Suppose 0 = 4*g - 3*g + 3*o + 58, 3*g + 3*o = -174. Let v = -18 - g. What is the tens digit of 1 + (-4)/(-4) + v?
4
Let m be (9/(-15)*-34)/((-3)/(-10)). Suppose -5*v + 892 + m = 0. What is the units digit of v?
2
Suppose -2*o = 5*d - 416, o - 658 = -2*o + d. What is the hundreds digit of o?
2
What is the hundreds digit of ((-387)/18 - 1)/((-3)/114)?
8
Suppose 120351 = -407*h + 428*h. What is the hundreds digit of h?
7
Let i be 7/4 - (-4)/16. Let s(j) = 0*j + i + 3 + 9 + j. What is the units digit of s(-7)?
7
Let y = -70 + 68. Let u(k) = 38*k**2 - 3*k - 6. What is the tens digit of u(y)?
5
What is the tens digit of (4 + 8*34)/((-15)/(-20))?
6
Let f(v) be the second derivative of v**4/8 - 3*v**3 - v**2/2 + v. Let x(y) be the first derivative of f(y). What is the units digit of x(12)?
8
Let g be (-1)/(((-2)/(-20))/(2/(-5))). Suppose 4*b - z + 65 = 360, 2*z = g*b - 298. What is the units digit of b?
3
Let r be 3 - 2 - (-126)/(-6). Let j = 25 + r. Suppose -z = -7 + j. What is the units digit of z?
2
Let a(h) = 4*h - 14. Let j(p) = 5*p - 14. Let g(o) = 6*a(o) - 5*j(o). Let v be g(0). What is the units digit of (38 + v)/((-3)/(-4))?
2
Let u(v) = -7*v + 226. Let w(y) = 1. Let l(h) = u(h) + 4*w(h). What is the tens digit of l(0)?
3
Let u be 3/1*(11 + -61). Let f = -83 - u. What is the tens digit of f?
6
Let r(l) be the second derivative of -l**5/20 - l**4/2 - 2*l**2 + 3*l. Let u be r(-7). Let m = u + -27. What is the tens digit of m?
1
Let i(j) be the third derivative of -j**6/120 + 7*j**5/60 + j**4/3 + j**3 - 5*j**2. Let v be i(8). What is the units digit of v/45 - 1372/(-60)?
3
Let k = 5 - -45. What is the hundreds digit of ((-231)/55)/((-2)/k)?
1
Let v be 94*5/9 + 8/(-36). Suppose 0*k + 5*l - 155 = -3*k, 0 = k + 2*l - v. What is the units digit of k?
0
Suppose 5*m = -x + 25, 4*x - 3*x + 11 = 4*m. Suppose 173 = -x*o + i, -69 - 73 = 4*o - 2*i. What is the tens digit of (o/(-3))/((-32)/(-48))?
1
Let l be ((-2)/(-4))/((-1)/(-4)). Suppose l*c + 194 = 4*f, -138 = 2*f - 5*f + 3*c. What is the tens digit of f?
5
Let x = 4 - 39. What is the units digit of (-917)/x + 2/(-10)?
6
Suppose 4*d - 10648 = -4*y, d - 4*y + 1163 - 3835 = 0. What is the units digit of d?
4
Let f(d) = d**3 - 15*d**2 + 9*d - 52. What is the tens digit of f(15)?
8
Suppose 4*x - 2*a + 55 = -5*a, -a = 5*x + 66. Let r(h) = -2*h + 25. What is the tens digit of r(x)?
5
Let x be 6/(-4) - (-28)/8. Let r(t) = 12*t**3 + t + 3. What is the tens digit of r(x)?
0
Let b = 27 + -27. What is the tens digit of ((-3 - b) + 6/8)*-32?
7
Suppose -v = 5*h + 74, -10 = -2*h - 2. Let f = v + 59. Let y = f + 49. What is the units digit of y?
4
Suppose 8630 = 5*l - 3*k, 2*l - 1085 = 4*k + 2353. What is the units digit of l?
9
Let r = 1 - 20. Let b = 13 + r. Let i = 21 - b. What is the tens digit of i?
2
Let o(t) = -9*t - 9. Let w = 44 + -47. What is the units digit of o(w)?
8
What is the thousands digit of (8 - (-4352)/24)/((-1)/(-27))?
5
Let b = -125 + 227. What is the tens digit of b?
0
Suppose 4*s + 0*z - 552 = z, 0 = -2*s - z + 276. What is the hundreds digit of s?
1
Suppose -2*b = -2*k - 0*k + 2680, -4*k + 2*b + 5356 = 0. What is the units digit of k?
8
Let j = 16 - 22. What is the units digit of -2 + (-3 - j) - -14?
5
Suppose 0 = -2*i + 11 - 3. Suppose 44 = i*a - 168. What is the tens digit of a?
5
Suppose 0 = v - 3*a + 33 + 16, -v - 50 = -2*a. What is the tens digit of (1 + (-314)/(-4))/((-39)/v)?
0
Let z(g) be the second derivative of -g**5/20 - g**4/12 - 11*g**2/2 + g. What is the units digit of z(-3)?
7
Let b(d) = 876*d**3 + 38*d - 37. What is the tens digit of b(1)?
7
Let f(s) = s - 1. Let v be f(2). Let b be -1 - -2 - -3*v. Suppose -a + 143 = b*k, -42 - 8 = -k - 5*a. What is the units digit of k?
5
Let t = 101 + -87. Suppose -t = -8*c + 322. What is the units digit of c?
2
Suppose -9431 = -3*h + 4*f + 1186, 3534 = h - 3*f. What is the units digit of h?
3
Let g be (3 - (-28)/(-12))*21/(-14). What is the units digit of 23/(-2*g/10)?
5
Let d = 20 + -6. Let f = 70 - d. What is the tens digit of f?
5
Suppose 0*k - 2*k + 122 = 0. Suppose -278 + k = -5*y - 3*j, 2*j = 8. What is the units digit of y?
1
Let j = 6543 - 4169. What is the tens digit of j?
7
Suppose t = 0, -q + t = -t - 45. What is the units digit of 2/8 + q*(-9)/(-12)?
4
Suppose 0 = 7*w - 25 - 3. Let u(t) = -2*t**2 + 18*t - 4. What is the units digit of u(w)?
6
Let k be 24/5*(-10)/(-4). Suppose -2 = -4*j - 2*y, j - 3*y + k = -6*y. Suppose -11 = -j*i + 22. What is the units digit of i?
1
Suppose -2*u + 2*b + 1214 = 6*b, 5*u - b = 3046. What is the hundreds digit of u?
6
Let r be -2 - (-3 + (-10)/5). Let c(j) = -j**3 + 3*j**2 + 2*j - 4. What is the units digit of c(r)?
2
Let o(t) = -t**3 - 2*t**2. Suppose -3 - 3 = 3*k. Let p be o(k). Suppose 4*v = d - 24, -3*v = -d - p*v + 19. What is the units digit of d?
4
Let k = 22 - 15. Suppose 0 = 2*g + 5*h - 56, g - 3*h = 10 + k. Let l = g - -14. What is the units digit of l?
7
Let d be (-12)/8 + 351/(-6). Let r = d + 90. What is the tens digit of r?
3
What is the tens digit of -2*-1*(732 - -7)?
7
Let a(h) = -h**3 + h**2 - h + 39. Let i = 10 - 27. Let x = 17 + i. What is the units digit of a(x)?
9
Let j(n) = -6*n**3 - n**2 + 1. Let o be j(1). Let f be 10395/(-245) - (-8)/(-14). Let k = o - f. What is the units digit of k?
7
Suppose -5*o + 3*o = 2, 2*o + 122 = -3*c. Let w = 69 - c. What is the tens digit of w?
0
Suppose 7*u - 163 = 131. What is the tens digit of u?
4
Let b be 1302/(-63) - 4/(-6). Let a be (55/b)/(2/(-24)). Suppose 0 = 4*c - f - 0*f - 37, 5*f = c - a. What is the units digit of c?
8
Suppose n + 3*y - 2643 = -n, -3*n + 3936 = -5*y. What is the tens digit of n?
1
Let w(b) = -b**2 - 11*b - 4. Let g be w(-9). Let h be (-6270)/(-105) - (-4)/g. Suppose -4*t - t = -h. What is the units digit of t?
2
What is the hundreds digit of 6/(-42) - (-15992)/28?
5
Let t(u) = -436*u + 394. What is the hundreds digit of t(-4)?
1
Let i(k) = 10*k - 11*k**2 + 0 + 10*k**2 + 4 + 1. Wh